 of q and 36?
9
Let j = 88 + -44. Calculate the highest common factor of j and 440.
44
Suppose 0 = 3*t - 3*i - 81, 3*t - i = 3*i + 83. What is the greatest common factor of 125 and t?
25
Suppose -390 = -7*t + 9. What is the highest common divisor of t and 38?
19
Let y(x) = x**2 - x. Let a be y(3). Let d be (-3)/a + 7/2. Suppose -r = d*r - 28. Calculate the greatest common factor of r and 77.
7
Let v = 15 - 7. Suppose -6*j + 2*j + 256 = 0. Calculate the highest common factor of j and v.
8
Let x(h) = h**3 + 8*h**2 + 7*h + 2. Let k be x(-7). Suppose -30 = -k*w + 4. What is the greatest common factor of 17 and w?
17
Suppose -3*l + 98 = -2*l. Suppose 5*v - 80 = -10. Calculate the greatest common factor of l and v.
14
Suppose -2*w - 3 = w. Let g be (-305)/(-10) - w/(-2). What is the greatest common divisor of 12 and g?
6
Let s be 1 + (-189)/(-36) + (-1)/4. Let t = -6 - -8. Calculate the greatest common divisor of s and t.
2
Let t = -10 + 17. What is the highest common factor of 49 and t?
7
Suppose 0 = 3*v - 5*v - o + 27, 0 = -4*v + 5*o + 33. What is the highest common factor of v and 16?
4
Suppose -2*l - 5 = 3*l, 0 = -y - 3*l + 17. Suppose 4*k - y = 2*k. What is the highest common divisor of 20 and k?
10
Let f(x) be the second derivative of -1/6*x**4 - 1/3*x**3 - 4*x - 1/2*x**2 - 1/5*x**5 + 0. Let v be f(-1). What is the highest common factor of v and 21?
3
Let n = 147 - 63. What is the greatest common factor of 21 and n?
21
Let n(i) = 4*i - 5. Let z be n(4). Let p = z - -132. Suppose 123 = 2*a + 97. Calculate the greatest common factor of a and p.
13
Let p(c) = 8*c**2 - 2. Let s be p(-2). Suppose s = 5*w - 5. What is the greatest common factor of w and 28?
7
Let m = -4 + 8. Let h be m/(-14) + 72/7. Let i = h - 4. What is the greatest common factor of 54 and i?
6
Let u be 8 - -2 - (0 + -1). Suppose -3*z = -z - 188. Let f = -61 + z. Calculate the highest common divisor of f and u.
11
Suppose 5*m + c - 377 = 0, m - 48 = c + 25. What is the greatest common divisor of m and 30?
15
Suppose 0 = 5*w - 345 + 90. Suppose 0 = 5*k + n - 255, -3*n + w = k + n. Let g be 88/5 + 3/(-5). What is the highest common factor of g and k?
17
Let w(u) = -u**3 + 3*u**2 + 5*u - 2. Let h be w(3). What is the highest common divisor of h and 104?
13
Suppose 0*o + o - 5*g = 27, -3*g = -2*o + 47. Calculate the highest common divisor of o and 88.
22
Let m be 14/2*4 + -4. Calculate the greatest common divisor of m and 6.
6
Suppose -3*o + 8 = -64. What is the highest common divisor of o and 3?
3
Suppose 50 = 4*r - u, u + 26 = 3*r - r. Let d be (0 - -3) + (3 - 2). Suppose w = d*s + 50, -2*w + 0*w = s - 55. What is the greatest common divisor of r and w?
6
Let d(n) be the first derivative of -2*n**2 - 6*n + 2. Let v be d(-3). What is the greatest common divisor of v and 2?
2
Let y = -290 - -410. What is the greatest common factor of 12 and y?
12
Let r(j) = 76*j**2 + j - 2. Suppose c = -3*c - 8. Let n be r(c). Suppose -3*q + 200 = 2*p, -5*q + 4*p = -q - n. What is the highest common divisor of 10 and q?
10
Suppose 0*l + 40 = l + 4*j, -5*j - 5 = 0. What is the highest common divisor of 110 and l?
22
Let s be -1*(-140)/16 - 6/8. What is the highest common divisor of 2 and s?
2
Let r = -24 + 35. Let u = 59 + -48. Calculate the highest common factor of r and u.
11
Let o be 18/12*(-56)/(-6). Let n(l) = 20*l**2 - 2*l - 1. Let g be n(-1). What is the highest common divisor of g and o?
7
Let s be 75/45 + (-98)/(-6). Calculate the greatest common divisor of s and 27.
9
Let l(n) = -n - 3. Let t be l(-4). Suppose t = k - 8. What is the highest common factor of k and 9?
9
Let b(z) = -z**3 + 4*z + 12 + 0*z**3 - 2*z**2 - 3 + 0. Let i be b(-4). Calculate the highest common factor of i and 10.
5
Suppose -4*i - 3*v = -9*i - 7, 2*v - 5 = 3*i. What is the greatest common divisor of 7 and i?
1
Suppose m + u + 9 = 3*m, -u = 3*m - 21. Let n be 556/14 + m/21. What is the highest common factor of n and 16?
8
Let w(u) = u + 22. Let d be w(-14). What is the greatest common factor of d and 4?
4
Suppose 217 + 33 = 3*c + 2*j, -215 = -3*c + 5*j. Let r(l) = -4*l. Let p = -4 - 0. Let a be r(p). What is the highest common divisor of c and a?
16
Let q = 1 + 4. Suppose -284 = -2*z + q*d, 0*d = -2*z + 2*d + 272. Calculate the highest common divisor of z and 22.
22
Let m(h) = -h - 2. Let d be m(-5). Suppose d*c + 8 = c, 5*r - 28 = -3*c. Suppose -2*g = -r - 34. What is the highest common divisor of 7 and g?
7
Let q = -20 + 40. Suppose -w - w + 38 = 4*n, 5*w + 5*n - 75 = 0. Suppose g - w = -3*r, -r + 0 = -5*g + 23. What is the highest common factor of g and q?
5
Let s = -11 + 23. Let r = s - 4. Calculate the highest common divisor of r and 48.
8
Suppose 0 = 5*h + 5, -3*d - 5*h = 2*d - 120. Let q be 1/(d/(-13) - -2). Let a be 23 - ((-15)/3 - -2). Calculate the greatest common factor of q and a.
13
Suppose 0 = 2*r - 61 - 11. Let s(j) = j**2 + 1. Let f be s(-1). Let b = 7 + f. Calculate the greatest common divisor of r and b.
9
Let q(t) = -t + 10. Let a be q(2). Calculate the highest common divisor of 72 and a.
8
Let g(b) = -b**2 - 7*b - 1. Let x be g(-6). Suppose 3*s + r - 12 = 0, 0*r = -s - x*r + 4. Calculate the greatest common divisor of s and 36.
4
Let x(y) = 3*y - 4*y + 3*y - 3*y. Let l be x(-7). What is the greatest common divisor of 63 and l?
7
Let w be -27*(-54)/24*(-16)/(-6). What is the highest common divisor of 54 and w?
54
Let i(j) = 19 + 10*j - 6 - j**2 + 2*j**2. Let v be i(-9). Suppose 3*u + v*z - 93 = 26, 4*z - 74 = -2*u. Calculate the highest common factor of u and 18.
9
Let b = 77 + 9. Let q = b + -51. Calculate the highest common factor of q and 7.
7
Let u = -105 + 108. What is the highest common divisor of u and 6?
3
Suppose h - 3*h - 5*m = -84, 4*h + 3*m = 140. What is the greatest common factor of h and 16?
16
Let h(r) = 2*r**2 + r - 7. Let c be h(3). What is the highest common factor of c and 42?
14
Let q(d) = -d**2 - 5*d + 4. Let v be q(-5). Let y = v + 36. Suppose -3*b + 13 = 2*t - 39, 5*t - 26 = -b. What is the highest common divisor of y and b?
8
Suppose 0 = 3*q + 4 + 2. Let s be (27/(-6))/(q/8). Let r = -269 - -467. What is the greatest common factor of r and s?
18
Let h(o) be the second derivative of 7*o**4/12 + 7*o**3/6 + 15*o**2/2 - o. Let g be h(-6). What is the highest common factor of g and 25?
25
Suppose -6*w - 228 = -12*w. What is the greatest common factor of 38 and w?
38
Suppose 3*v + 0*v - 31 = -4*s, 4*v = 5*s. Calculate the highest common factor of v and 25.
5
Let b = 47 + -17. Calculate the highest common divisor of b and 270.
30
Suppose 0*t = -t + 3. Suppose -3*u + 36 = 4*v - t*v, 2*u = -v + 25. Calculate the highest common factor of 99 and u.
11
Suppose -2*z - 20 = -6*z + 4*j, -5*z + 3*j + 33 = 0. What is the highest common factor of 1 and z?
1
Suppose -18*m - 3 = -21*m. Suppose 2*y = 3*h + 3, -h - 3*y + 14 = 4*h. What is the greatest common divisor of h and m?
1
Suppose 8 = 5*z + 3. Suppose -z = y - 5*o, 4*o + 1 - 6 = 5*y. Let k be (114/4 + y)*2. Calculate the highest common divisor of 5 and k.
5
Let o be (-1 + -1)/((-4)/(-8)). Let a be (-30)/(-2) + 3 + o. What is the greatest common factor of a and 35?
7
Let y be 5/10*6*22. Let q be (-4)/14 - (-16)/7. Suppose u = q + 4. Calculate the highest common factor of y and u.
6
Let v(z) = 62*z**3 + 2*z - 1. Let j be v(1). Calculate the highest common divisor of 9 and j.
9
Suppose 2 + 40 = -4*c - 5*x, 4*c + 4*x + 40 = 0. Let l(n) = -n**3 - 7*n**2 + 5*n + 1. Let a be l(c). What is the highest common divisor of 75 and a?
25
Let u(n) = 8*n**2 - 3*n + 18. Let x be u(3). What is the greatest common divisor of x and 9?
9
Let g be 6*-1*(-4)/6. Let a = 12 - g. Calculate the greatest common divisor of a and 8.
8
Let w = -8 - -13. Suppose b + u - w*u = 18, -4*b = 5*u + 12. Suppose 72 = b*k + 2*k. Calculate the highest common factor of 45 and k.
9
Suppose 2*d + q + 11 = 30, 0 = -5*d + 3*q + 53. Calculate the highest common factor of d and 4.
2
Let u = -8 - -13. Suppose -u*f + 8 = -f. Suppose 0 = 5*q - f*q - 21. Calculate the highest common divisor of 7 and q.
7
Let g = 67 - 39. Suppose -7*x - 121 = -415. Calculate the greatest common divisor of g and x.
14
Let a(k) = 2*k + 1. Let p be a(4). Suppose 5*g - g - 36 = 0. Calculate the greatest common f